{"id":45,"date":"2020-08-06T10:13:02","date_gmt":"2020-08-06T09:13:02","guid":{"rendered":"http:\/\/www.svenskhund.se\/?page_id=45"},"modified":"2020-08-06T10:32:32","modified_gmt":"2020-08-06T09:32:32","slug":"rasrepresentation","status":"publish","type":"page","link":"https:\/\/www.svenskhund.se\/?page_id=45","title":{"rendered":"Rasrepresentation"},"content":{"rendered":"\t\t<div data-elementor-type=\"wp-page\" data-elementor-id=\"45\" class=\"elementor elementor-45\">\n\t\t\t\t\t\t<section class=\"elementor-section elementor-top-section elementor-element elementor-element-b5fcd69 elementor-section-boxed elementor-section-height-default elementor-section-height-default\" data-id=\"b5fcd69\" data-element_type=\"section\">\n\t\t\t\t\t\t<div class=\"elementor-container elementor-column-gap-default\">\n\t\t\t\t\t<div class=\"elementor-column elementor-col-100 elementor-top-column elementor-element elementor-element-2c8a450\" data-id=\"2c8a450\" data-element_type=\"column\">\n\t\t\t<div class=\"elementor-widget-wrap elementor-element-populated\">\n\t\t\t\t\t\t<div class=\"elementor-element elementor-element-2f2d4d6 elementor-widget elementor-widget-text-editor\" data-id=\"2f2d4d6\" data-element_type=\"widget\" data-widget_type=\"text-editor.default\">\n\t\t\t\t<div class=\"elementor-widget-container\">\n\t\t\t\t\t\t\t\t\t<p>I menyn, eller listan nedan, kan du om du klickar p\u00e5 l\u00e4nken hitta den svenska hundras som du vill informera dig om. Varje artikel ligger p\u00e5 ungef\u00e4r 400 ord och ber\u00e4ttar om hunden i allm\u00e4nhet, vilka egenskaper den har, historian kring hundrasen och uppgift om hur m\u00e5nga individer det finns kvar i landet. (uppgifterna \u00e4r h\u00e4mtade fr\u00e5n Jordbruksverkets hemsida).<\/p><p><a href=\"http:\/\/www.svenskhund.se\/gottlandsstovare\/\">Gotlandsst\u00f6vare<\/a><\/p><p><a href=\"http:\/\/www.svenskhund.se\/dalbohund\/\">Dalbohund<\/a><\/p><p><a href=\"http:\/\/www.svenskhund.se\/norrbottenspets\/\">Norrbottenspets<\/a><\/p><p><a href=\"http:\/\/www.svenskhund.se\/dansk-svensk-gardshund\/\">Dansk-svensk g\u00e5rdshund<\/a><\/p>\t\t\t\t\t\t\t\t<\/div>\n\t\t\t\t<\/div>\n\t\t\t\t\t<\/div>\n\t\t<\/div>\n\t\t\t\t\t<\/div>\n\t\t<\/section>\n\t\t\t\t<\/div>\n\t\t","protected":false},"excerpt":{"rendered":"<p>I menyn, eller listan nedan, kan du om du klickar p\u00e5 l\u00e4nken hitta den svenska hundras som du vill informera&hellip;<\/p>\n","protected":false},"author":1,"featured_media":0,"parent":0,"menu_order":0,"comment_status":"closed","ping_status":"closed","template":"elementor_header_footer","meta":{"footnotes":""},"class_list":["post-45","page","type-page","status-publish","hentry"],"_links":{"self":[{"href":"https:\/\/www.svenskhund.se\/index.php?rest_route=\/wp\/v2\/pages\/45"}],"collection":[{"href":"https:\/\/www.svenskhund.se\/index.php?rest_route=\/wp\/v2\/pages"}],"about":[{"href":"https:\/\/www.svenskhund.se\/index.php?rest_route=\/wp\/v2\/types\/page"}],"author":[{"embeddable":true,"href":"https:\/\/www.svenskhund.se\/index.php?rest_route=\/wp\/v2\/users\/1"}],"replies":[{"embeddable":true,"href":"https:\/\/www.svenskhund.se\/index.php?rest_route=%2Fwp%2Fv2%2Fcomments&post=45"}],"version-history":[{"count":3,"href":"https:\/\/www.svenskhund.se\/index.php?rest_route=\/wp\/v2\/pages\/45\/revisions"}],"predecessor-version":[{"id":76,"href":"https:\/\/www.svenskhund.se\/index.php?rest_route=\/wp\/v2\/pages\/45\/revisions\/76"}],"wp:attachment":[{"href":"https:\/\/www.svenskhund.se\/index.php?rest_route=%2Fwp%2Fv2%2Fmedia&parent=45"}],"curies":[{"name":"wp","href":"https:\/\/api.w.org\/{rel}","templated":true}]}}