{"id":51,"date":"2020-08-06T10:17:22","date_gmt":"2020-08-06T09:17:22","guid":{"rendered":"http:\/\/www.svenskhund.se\/?page_id=51"},"modified":"2020-08-06T10:33:59","modified_gmt":"2020-08-06T09:33:59","slug":"norrbottenspets","status":"publish","type":"page","link":"https:\/\/www.svenskhund.se\/?page_id=51","title":{"rendered":"Norrbottenspets"},"content":{"rendered":"\t\t<div data-elementor-type=\"wp-page\" data-elementor-id=\"51\" class=\"elementor elementor-51\">\n\t\t\t\t\t\t<section class=\"elementor-section elementor-top-section elementor-element elementor-element-4a167e6 elementor-section-boxed elementor-section-height-default elementor-section-height-default\" data-id=\"4a167e6\" data-element_type=\"section\">\n\t\t\t\t\t\t<div class=\"elementor-container elementor-column-gap-default\">\n\t\t\t\t\t<div class=\"elementor-column elementor-col-100 elementor-top-column elementor-element elementor-element-357a8ca\" data-id=\"357a8ca\" data-element_type=\"column\">\n\t\t\t<div class=\"elementor-widget-wrap elementor-element-populated\">\n\t\t\t\t\t\t<div class=\"elementor-element elementor-element-80c695f elementor-widget elementor-widget-text-editor\" data-id=\"80c695f\" data-element_type=\"widget\" data-widget_type=\"text-editor.default\">\n\t\t\t\t<div class=\"elementor-widget-container\">\n\t\t\t\t\t\t\t\t\t<p><strong>Norrbottenspets<\/strong> \u00e4r en f\u00e5gelhund fr\u00e5n Norrbotten i Sverige som \u00e4r klassad som egen ras. Den ing\u00e5r i gruppen nordiska jaktspetsar, och j\u00e4mf\u00f6rt med exempelvis den motsvarande finska spetsen har norrbottenspetsen en p\u00e4ls som \u00e4r ljusare till f\u00e4rgen och mjukare samtidigt som rasen har en helt annan mentalitet. Dock \u00e4r Norrbottenspetsen hotad som hundras och var v\u00e4ldigt n\u00e4ra att bli helt utrotad p\u00e5 femtiotalet.<\/p><h2>Egenskaper<\/h2><p>Norrbottenspetsen anv\u00e4nds idag fr\u00e4mst som en sk\u00e4llande f\u00e5gelhund (drivande av f\u00e5gelbyten). En f\u00e5gelhund driver f\u00e5gel ur tr\u00e4d genom att anv\u00e4nda sig av ett s\u00e5 kallat st\u00e5ndskall. Det finns dokumenterade fall d\u00e4r hunden dock \u00e4ven anv\u00e4nts till \u00e4lg- och bj\u00f6rnjakt. En skillnad mot den finska spetsens jakts\u00e4tt \u00e4r att norrbottenspetsen \u00e4r mycket b\u00e4ttre p\u00e5 att hitta f\u00e5glar och att \u00e5terfinna dem om de flyttar p\u00e5 sig medan en finsk spets har ett ih\u00e4rdigare p\u00e5 det tr\u00e4d han till att b\u00f6rja med valt. Norrbottenspetsens form \u00e4r n\u00e4stan kvadratisk, medan muskulaturen p\u00e5 kroppen \u00e4r b\u00e5de stram, l\u00e4tt och torr. Huvudet sitter h\u00f6gt och svansen \u00e4r l\u00e4tt snurrad \u00f6ver ryggen p\u00e5 de flesta exemplar. Stubbsvans existerar, men \u00e4r r\u00e4tt ovanligt. Hunden \u00e4r vit med gul- eller r\u00f6dbruna avgr\u00e4nsade fl\u00e4ckar. Det \u00e4r en mycket frisk ras, och \u00e4r bland de hundraser som kr\u00e4ver minst veterin\u00e4rv\u00e5rd. Dessutom ligger rasen trea n\u00e4r det kommer till hur gamla hundarna blir. (k\u00e4lla Agrias stora hundunders\u00f6kning).<\/p><h2>Historia<\/h2><p>Ursprunget till Norrbottens favoiritspets \u00e4r en r\u00e4tt stor smula omdiskuterat och tyv\u00e4rr inte helt klarlagt heller. En del anser att Norbottenspetsen har sitt ursprung fr\u00e5n Lajkor (rysk hundras). Dessa sm\u00e5 flockar skulle d\u00e5 ha kommit till Nordkalotten fr\u00e5n ryska st\u00e4ppen \u00f6sterifr\u00e5n med olika j\u00e4garfolk som exempelvis kv\u00e4nerna (Som finska folket kan r\u00e4kna sin h\u00e4rstammning till). I norra Skandinavien har hunden varit mycket popul\u00e4r, och har anv\u00e4nts f\u00f6r att jaga olika former av sm\u00e5djur som ekorre bland annat. N\u00e4r Priset p\u00e5 skinn dock sj\u00f6nk efter f\u00f6rsta v\u00e4rldskriget blev rasen mindre popul\u00e4r som bland folket. Under trettiotalet registrerades det sista exemplaret och 1948 listade Svenska Kennelklubben rasen som utd\u00f6d, n\u00e5got som dock inte visade sig vara sant. Under sextiotalet kunde man n\u00e4mligen finna den p\u00e5 \u00f6dsliga platser i Norrbottens inland. D\u00e5 anv\u00e4ndes de mest som s\u00e4llskaps- och g\u00e5rdshundar. Under sextiotalet bildades dessutom en s\u00e5 kallad f\u00e5gelhundssektion inom Norrbottens \u00e4lgj\u00e4garf\u00f6rbund, vilket var f\u00f6reg\u00e5ngaren till den nuvarande specialklubben f\u00f6r Norrbottenspetsen. 1967 m\u00f6nstrades strax \u00f6ver hundra hundar, d\u00e4r ungef\u00e4r halva m\u00f6nstringsgruppen bed\u00f6mdes vara tillr\u00e4ckligt rastypiska. \u00c5ret d\u00e4rp\u00e5 blev rasen p\u00e5 nytt erk\u00e4nd av SKK. I den senaste r\u00e4kningen finns det 1500 hundar registrerade i Sverige.<\/p>\t\t\t\t\t\t\t\t<\/div>\n\t\t\t\t<\/div>\n\t\t\t\t\t<\/div>\n\t\t<\/div>\n\t\t\t\t\t<\/div>\n\t\t<\/section>\n\t\t\t\t<\/div>\n\t\t","protected":false},"excerpt":{"rendered":"<p>Norrbottenspets \u00e4r en f\u00e5gelhund fr\u00e5n Norrbotten i Sverige som \u00e4r klassad som egen ras. Den ing\u00e5r i gruppen nordiska jaktspetsar,&hellip;<\/p>\n","protected":false},"author":1,"featured_media":0,"parent":0,"menu_order":0,"comment_status":"closed","ping_status":"closed","template":"elementor_header_footer","meta":{"footnotes":""},"class_list":["post-51","page","type-page","status-publish","hentry"],"_links":{"self":[{"href":"https:\/\/www.svenskhund.se\/index.php?rest_route=\/wp\/v2\/pages\/51"}],"collection":[{"href":"https:\/\/www.svenskhund.se\/index.php?rest_route=\/wp\/v2\/pages"}],"about":[{"href":"https:\/\/www.svenskhund.se\/index.php?rest_route=\/wp\/v2\/types\/page"}],"author":[{"embeddable":true,"href":"https:\/\/www.svenskhund.se\/index.php?rest_route=\/wp\/v2\/users\/1"}],"replies":[{"embeddable":true,"href":"https:\/\/www.svenskhund.se\/index.php?rest_route=%2Fwp%2Fv2%2Fcomments&post=51"}],"version-history":[{"count":3,"href":"https:\/\/www.svenskhund.se\/index.php?rest_route=\/wp\/v2\/pages\/51\/revisions"}],"predecessor-version":[{"id":78,"href":"https:\/\/www.svenskhund.se\/index.php?rest_route=\/wp\/v2\/pages\/51\/revisions\/78"}],"wp:attachment":[{"href":"https:\/\/www.svenskhund.se\/index.php?rest_route=%2Fwp%2Fv2%2Fmedia&parent=51"}],"curies":[{"name":"wp","href":"https:\/\/api.w.org\/{rel}","templated":true}]}}