{"id":54,"date":"2020-08-06T10:19:21","date_gmt":"2020-08-06T09:19:21","guid":{"rendered":"http:\/\/www.svenskhund.se\/?page_id=54"},"modified":"2020-08-06T10:20:46","modified_gmt":"2020-08-06T09:20:46","slug":"gottlandsstovare","status":"publish","type":"page","link":"https:\/\/www.svenskhund.se\/?page_id=54","title":{"rendered":"Gotlandsst\u00f6vare"},"content":{"rendered":"\t\t<div data-elementor-type=\"wp-page\" data-elementor-id=\"54\" class=\"elementor elementor-54\">\n\t\t\t\t\t\t<section class=\"elementor-section elementor-top-section elementor-element elementor-element-07686f1 elementor-section-boxed elementor-section-height-default elementor-section-height-default\" data-id=\"07686f1\" data-element_type=\"section\">\n\t\t\t\t\t\t<div class=\"elementor-container elementor-column-gap-default\">\n\t\t\t\t\t<div class=\"elementor-column elementor-col-100 elementor-top-column elementor-element elementor-element-974a9cf\" data-id=\"974a9cf\" data-element_type=\"column\">\n\t\t\t<div class=\"elementor-widget-wrap elementor-element-populated\">\n\t\t\t\t\t\t<div class=\"elementor-element elementor-element-ba72305 elementor-widget elementor-widget-text-editor\" data-id=\"ba72305\" data-element_type=\"widget\" data-widget_type=\"text-editor.default\">\n\t\t\t\t<div class=\"elementor-widget-container\">\n\t\t\t\t\t\t\t\t\t<p><strong>Gotlandsst\u00f6vare<\/strong> \u00e4r av en typ som funnits och anv\u00e4nts fr\u00e4mst som jakthund p\u00e5 Gotland sedan l\u00e4nge (minst 200 \u00e5r). F\u00f6rst 1920 erk\u00e4ndes dock gotlandsst\u00f6varen som egen ras i Sverige. 1929 efter ett majoritetsbeslut, minskade dock SKK antalet erk\u00e4nda raser, vilket f\u00f6r Gotlandsst\u00f6varen innebar att den ist\u00e4llet f\u00f6r en egen ras skulle r\u00e4knas som en gulbrun och l\u00e5ngsvansad variant av sm\u00e5landsst\u00f6vare. Gotlandsst\u00f6vare med gul f\u00e4rgteckning r\u00e4knades vid denna tid som otypisk men inte som grund f\u00f6r uteslutande ur t\u00e4vlingar m.m. Detta innebar att registrering ist\u00e4llet kunde ske som en hamiltonst\u00f6vare f\u00f6r nya valpar, men utan att exemplaret var prisf\u00e4hig. Att man kunde registrera Gotlandsst\u00f6varen som Hamiltonst\u00f6vare innebar att n\u00e4stan alla gotlandsst\u00f6vare omregistrerades. Undantaget var j\u00e4gare p\u00e5 Gotland som ville ha kvar sin lokala typ av jakthund.<\/p><h2>Utseende och egenskaper<\/h2><p>Gotlandsst\u00f6varen \u00e4r en gulbrun mindre st\u00f6vare med vitt p\u00e5 tassar, mage, bringa hals, huvud och svans. Tillsammans med sm\u00e5landsst\u00f6varen \u00e4r denna gotl\u00e4ndska hundras den \u00e4ldsta k\u00e4nda svenska st\u00f6varrasen. Det \u00e4r dock en lantras som inte \u00e4r s\u00e4rskilt pr\u00e4glad av utst\u00e4llningsavel eller jakt p\u00e5 ytliga egenskaper. Snarare har man f\u00f6rs\u00f6kt avla p\u00e5 s\u00e5dana drag som varit f\u00f6rdelaktigt f\u00f6r jakten p\u00e5 just Gotland (och kan man anta, Sm\u00e5land). Den var mycket vanlig p\u00e5 Gutiska bondg\u00e5rdar fram till femtiotalet, men minskade sedan betydligt av de anledningar vi tog upp ovan. Denna st\u00f6vare \u00e4r mycket m\u00e5ngsidig och bra eller mycket bra p\u00e5 att jaga hare som r\u00e4v i \u00f6ppna och slutna landskap.<\/p><h2>Historia<\/h2><p>Under 20- talet var gotlandsst\u00f6varen klassad som en egen ras av SKK. D\u00e4refter ville Kennelklubben minska antalet registrerade st\u00f6varraser och best\u00e4mde att gotlandsst\u00f6varen inte l\u00e4ngre skulle vara en egen godk\u00e4nd ras. Gotlandsst\u00f6vare kunde sedan under n\u00e5gra \u00e5r registreras som gula sm\u00e5landsst\u00f6vare, sedan som gula hamiltonst\u00f6vare. Under \u00e5ttiotalet bildades en intressef\u00f6rening f\u00f6r rasen; Gotlandsst\u00f6varef\u00f6reningen som efter grundandet har sett till att m\u00f6nstring skett av kvarvarande gotlandsst\u00f6vare.\u00a0 Gotlandsst\u00f6varen \u00e5terfick 1990 status som egen ras av SKK. Enligt jordbruksverket finns ca. 140 stycken Gotlandsst\u00f6vare kvar i landet,\u00a0 varf\u00f6r man kan anse att rasen \u00e4r hotad.<\/p>\t\t\t\t\t\t\t\t<\/div>\n\t\t\t\t<\/div>\n\t\t\t\t\t<\/div>\n\t\t<\/div>\n\t\t\t\t\t<\/div>\n\t\t<\/section>\n\t\t\t\t<\/div>\n\t\t","protected":false},"excerpt":{"rendered":"<p>Gotlandsst\u00f6vare \u00e4r av en typ som funnits och anv\u00e4nts fr\u00e4mst som jakthund p\u00e5 Gotland sedan l\u00e4nge (minst 200 \u00e5r). F\u00f6rst&hellip;<\/p>\n","protected":false},"author":1,"featured_media":0,"parent":0,"menu_order":0,"comment_status":"closed","ping_status":"closed","template":"elementor_header_footer","meta":{"footnotes":""},"class_list":["post-54","page","type-page","status-publish","hentry"],"_links":{"self":[{"href":"https:\/\/www.svenskhund.se\/index.php?rest_route=\/wp\/v2\/pages\/54"}],"collection":[{"href":"https:\/\/www.svenskhund.se\/index.php?rest_route=\/wp\/v2\/pages"}],"about":[{"href":"https:\/\/www.svenskhund.se\/index.php?rest_route=\/wp\/v2\/types\/page"}],"author":[{"embeddable":true,"href":"https:\/\/www.svenskhund.se\/index.php?rest_route=\/wp\/v2\/users\/1"}],"replies":[{"embeddable":true,"href":"https:\/\/www.svenskhund.se\/index.php?rest_route=%2Fwp%2Fv2%2Fcomments&post=54"}],"version-history":[{"count":4,"href":"https:\/\/www.svenskhund.se\/index.php?rest_route=\/wp\/v2\/pages\/54\/revisions"}],"predecessor-version":[{"id":58,"href":"https:\/\/www.svenskhund.se\/index.php?rest_route=\/wp\/v2\/pages\/54\/revisions\/58"}],"wp:attachment":[{"href":"https:\/\/www.svenskhund.se\/index.php?rest_route=%2Fwp%2Fv2%2Fmedia&parent=54"}],"curies":[{"name":"wp","href":"https:\/\/api.w.org\/{rel}","templated":true}]}}